 Calculate the greatest common factor of q and 4.
4
Let x(i) = i**3 - 4*i**2 - 3*i - 1. Let u be x(5). Suppose 558 = -7*v + u*v. What is the highest common factor of 31 and v?
31
Let b = 26 + 8. Let m = b - 2. Let t = 4 + 0. What is the greatest common divisor of t and m?
4
Let n be (-14)/21 + 28/6. What is the greatest common factor of n and 2?
2
Let x(r) = -6*r**3 - r**2 + r + 1. Let b be x(-1). Suppose b*o = 365 + 145. Calculate the highest common divisor of 17 and o.
17
Let b(u) = u**2 + 3*u + 2. Let t be b(-6). Let p be (-476)/(-16) - 1/(-4). Calculate the greatest common factor of t and p.
10
Suppose 0 = 4*t + 2*s + s - 408, 198 = 2*t + 3*s. Calculate the greatest common divisor of 30 and t.
15
Let b(m) = m**3 + 4*m**2 + m + 2. Let q be b(-3). Suppose 0 = 5*l - 6*l + q. Calculate the greatest common divisor of l and 8.
8
Let y(u) = u**2 + 3. Let p be y(3). Let n(m) = m**2 + 15*m + 8. Let j be n(-15). Calculate the greatest common factor of j and p.
4
Let r = 44 + -11. Let h = -9 - -17. Let c be (-1 - 0)*(5 - h). Calculate the highest common divisor of c and r.
3
Suppose -5*b = -n - b - 4, -n = b - 16. What is the highest common factor of n and 12?
12
Let l = -25 - -60. Let n be (-2*1)/((-3)/33). Suppose 5*p - n - 13 = 0. What is the greatest common divisor of l and p?
7
Let h = 145 + -89. What is the greatest common factor of 14 and h?
14
Let z(q) = -q**2 - 7*q - 2. Let m be z(-6). Let d(o) = -o**2 + 9*o + 12. Let i be d(10). Let h = i - -2. What is the highest common divisor of m and h?
4
Suppose -2*p - 6 = -26. Suppose 0 = -8*h + 3*h + 450. What is the highest common divisor of h and p?
10
Let w = -3 - -6. Let v(d) = 6*d - 4. Let f be v(w). What is the highest common divisor of f and 14?
14
Let l be 1/(-1)*(-12)/(-1). Let o be 164/16 - (-3)/l. Let i be (36/(-10))/((-2)/o). What is the highest common factor of i and 90?
18
Suppose 0 = 2*h - h - 41. Let d = h - 14. What is the greatest common factor of 3 and d?
3
Let g be 43/9 - 4/(-18). What is the greatest common divisor of g and 55?
5
Let l be ((-2)/(-3))/(6/27). Suppose 4*w - 4*b + 36 = 0, l*b = -w + 2 + 5. Let o = 12 + w. Calculate the greatest common factor of 49 and o.
7
Let i(c) be the second derivative of c**4/6 - 5*c**3/6 - 2*c. Let z be i(4). Calculate the greatest common factor of 12 and z.
12
Let m = 27 - 9. Suppose 18 = k + f + 6, -5*k + 5*f + 10 = 0. Let q be (6/7)/(1/k). Calculate the greatest common factor of m and q.
6
Let y = 292 - 180. What is the greatest common factor of y and 28?
28
Let k = -39 + 57. Let v(o) = 8*o**2 - o + 2. Let a be v(-2). What is the greatest common divisor of k and a?
18
Suppose -f + 53 = -167. Calculate the greatest common factor of 20 and f.
20
Let i be (-2)/(-8)*(-8)/(-2). Let w = 1 + i. Suppose -t + 90 = w*t. What is the highest common divisor of t and 15?
15
Suppose 3*r = 3*o - 2*r - 58, 0 = 5*o + 4*r - 72. What is the highest common divisor of o and 40?
8
Let r = 12 + -9. Let a be (-1)/3 + 31/r. Suppose -a - 5 = -3*p. Calculate the greatest common factor of p and 2.
1
Suppose 3*a + 5 = 8*a. Let l be 1 + 2 + 7 + 0. Let v = l - a. Calculate the highest common factor of v and 6.
3
Suppose 64*c - 68*c + 84 = 0. Calculate the highest common factor of c and 147.
21
Let z = 59 - 33. Suppose 22 + z = 3*d. Let x(j) = 2*j - 4. Let f be x(6). Calculate the greatest common divisor of d and f.
8
Let a(q) = q**3 - 12*q**2 + 8*q. Let c be a(12). What is the greatest common divisor of c and 12?
12
Let o be (-7)/((-35)/15) - -2*5. What is the highest common factor of o and 117?
13
Suppose 0*x - 28 = 4*t + x, -x + 20 = -2*t. Let u = 0 - t. What is the highest common factor of 88 and u?
8
Let u(g) = -g - 9. Let y be u(-12). Suppose r + y*r = 140. What is the greatest common divisor of 14 and r?
7
Let u = 62 - -88. What is the greatest common factor of 60 and u?
30
Let w = -18 + 14. Let m = 4 - w. Calculate the highest common factor of m and 64.
8
Suppose 0 = -3*t - 83 + 275. What is the highest common divisor of 16 and t?
16
Let o = 59 + -47. Let i = -28 + 46. What is the highest common divisor of o and i?
6
Let b = 3 + -1. Let h = 0 + 4. Suppose h*r - 4*k - 4 = 0, 2*k + 9 = 2*r + 7*k. What is the greatest common factor of r and b?
2
Suppose 0 = 4*m - 4*f - 248, f - 194 = -3*m. Let k = -536 - -314. Let r be k/(-27) - 2/9. What is the highest common divisor of r and m?
8
Let r(k) = 7*k**3 + k**2 + k - 1. Let i be r(1). Let v(n) = 24*n + 1 + 4*n + 26*n + i*n. Let x be v(1). What is the highest common factor of x and 9?
9
Suppose -n + 2*g + 146 = 4*n, -5*n + 140 = -5*g. Calculate the highest common divisor of n and 18.
6
Let b be 4/12*-1*(-10 - -1). What is the greatest common divisor of 1 and b?
1
Let l(i) = i**3 - 5*i**2 - 7*i + 7. Let z be l(6). Let c be (8 + -4)*4*z. Suppose x - 3*x + 8 = 0. Calculate the greatest common factor of x and c.
4
Let v(u) = u**3 + 6*u**2 - 11*u - 10. Let l be v(-7). Suppose -2*d - 36 = -4*y, 5*y - l = -3*d + 16. What is the greatest common factor of y and 40?
8
Let m(y) = -7 - 4*y + 2*y**2 - 3*y**2 + 2*y**2. Let n be m(7). Suppose -518 = -4*k - n. Calculate the highest common factor of 18 and k.
18
Let k be 2/13 + (-2256)/(-208). Calculate the highest common divisor of 66 and k.
11
Let r = 6 + 114. Calculate the highest common factor of 24 and r.
24
Suppose 5*u = 69 + 1. Let o = u - 10. What is the greatest common divisor of o and 28?
4
Let s = 0 + 0. Let j = s + 2. What is the greatest common divisor of j and 14?
2
Suppose -53 = -24*a + 23*a. Calculate the highest common divisor of 106 and a.
53
Suppose -8 = -2*t, 0 = -3*i - 4*t - t + 68. Suppose -4*d = -5*m - 86, -6*d + 116 = -d - 2*m. Calculate the greatest common factor of i and d.
8
Let g = 7 + -5. Suppose 61 + 15 = 4*c + i, -g*c - 5*i + 38 = 0. What is the greatest common divisor of 152 and c?
19
Let j = -1 - 2. Let m be (j - 6)/3 - -7. Suppose 9*k - 115 = m*k. Calculate the highest common factor of k and 115.
23
Let m(u) = 3*u**3 - 8*u**2 + 2*u + 5. Let n be m(3). Calculate the highest common factor of n and 160.
20
Let a(i) = i**3 - 9*i**2 + 10*i + 1. Let c be a(8). What is the highest common factor of 17 and c?
17
Let p(g) = -10*g - 5. Let s be p(-5). Calculate the greatest common factor of 15 and s.
15
Let h be (2 + (-17)/(-1))/1. Suppose -2*o = -h - 15. Calculate the highest common factor of 119 and o.
17
Let w = -125 + 265. Calculate the greatest common factor of w and 5.
5
Suppose -5*j = 26 + 4. Let v(f) = -f**2 - 5*f + 6. Let g be v(j). Suppose 0 = -g*p - 2*p + 110. Calculate the highest common factor of p and 5.
5
Let r be (7/14)/((-1)/(-12)). Let q be 8 + -2*(-3)/r. Calculate the highest common factor of q and 6.
3
Let l(t) = 2*t**2 - 3*t + 1. Let f be l(3). Suppose -69 - f = i. Let j = i - -114. Calculate the greatest common factor of 7 and j.
7
Let b = 14 + -14. Suppose -4*r + 16 + 24 = b. What is the greatest common divisor of r and 4?
2
Let t be 0/3 + (-18)/(-3). Let w be (-26)/(-4) - (-3)/t. Suppose w*v - 88 = 3*v. What is the highest common factor of 11 and v?
11
Suppose 18*c = 14*c + 240. What is the highest common divisor of c and 24?
12
Let y be 633/8 + -2 - (-1)/(-8). What is the highest common divisor of y and 7?
7
Suppose -17*t = -6*t - 121. Calculate the highest common divisor of 209 and t.
11
Let r(z) = -4*z - 51. Let i be r(-15). What is the greatest common factor of 63 and i?
9
Let g(l) = -l**2 - l + 7. Let w be g(-3). What is the greatest common divisor of 11 and w?
1
Suppose 2*n + 15 = -3*n. Let v = n - -5. Suppose -v*r = -5*r + 3*i + 459, -5*r + i = -765. What is the highest common divisor of r and 17?
17
Let y = -21 - -45. Calculate the highest common divisor of 4 and y.
4
Let g = 31 - 25. What is the highest common divisor of 42 and g?
6
Let j be (3/(-6))/((-4)/(-56)). Let a = 16 + j. Calculate the greatest common factor of a and 81.
9
Let r(x) = 39*x**2. Let w be r(-1). Suppose 3*z - 58 = -4*s, -4*s + 67 = s + z. What is the greatest common factor of s and w?
13
Let p(t) be the first derivative of 9*t**2 - 3*t + 3. Let m be p(2). Calculate the highest common divisor of 3 and m.
3
Let n(g) = -4*g - 6. Let v be n(5). Let h be v/(-4) + (-5)/10. Calculate the greatest common divisor of 15 and h.
3
Let y(v) = -2 - 7 + 6 + 7*v - 5 + 2*v**2.